s**3 - s - 2. Give h(z).
-2
Let f(w) = -2*w**3 - 10*w**2 + 5. Let o be f(-5). Let l(b) = -b**3 + 4*b**2 + 7. Calculate l(o).
-18
Let b(l) = 11*l**3 - 10*l**2 - l - 9. Let g(t) = -5*t**3 + 5*t**2 + 4. Let m(x) = -4*b(x) - 9*g(x). What is m(3)?
-6
Let a(g) = g - 2. Let c(o) = -o - 1. Let k(z) = a(z) - 5*c(z). Let d be 5 - ((-24)/(-4) - -1). Calculate k(d).
-9
Let c(u) = -7*u - 1. Let a = 51 - 50. What is c(a)?
-8
Let m(v) = -5*v**3 + v**2 + v. Let d(r) = r**3 - 1. Let q(b) = b**2 + 5*b + 1. Let a be q(-5). Let s(k) = a*m(k) + d(k). Determine s(1).
-3
Let p(g) = -g - 10. Let j = -44 - -47. Let c(n) = n + 2 + 17 + n. Let l(f) = j*c(f) + 5*p(f). What is l(-6)?
1
Let k(l) = l**3 + l**2 + 2. Let p be k(0). Let j(r) = -1 - r + 1 + p + 3*r. Determine j(2).
6
Let x(r) = r**2 - 8*r - 5. Let y = 39 - 32. What is x(y)?
-12
Let d(w) = w**2 - 1. Let y(n) = -3*n**2 + 3*n + 1. Let m(l) = 2*d(l) + y(l). Let c = 49 + -45. Determine m(c).
-5
Let p be (-6)/(-9)*(-8 + 5). Let h(y) = 3*y - 2. Determine h(p).
-8
Suppose 4*r + 20 = 0, 0 = -5*m - 5*r - 9 - 6. Let j(n) = 2*n**3 - 4*n**2 + m*n**3 - 2*n - 3*n - 3*n**3 - 4. Calculate j(5).
-4
Let c = 50 + -51. Let d(z) = 16*z**2 + 3*z - 2. Let r(a) = 8*a**2 + a - 1. Let n(h) = -2*d(h) + 5*r(h). Give n(c).
8
Suppose 2*z + 2*z - 4 = 0. Let b(n) = 10*n + 1. Give b(z).
11
Let r(j) = -j**2 - 6*j + 7. Let f be r(-7). Let y(v) = -2 + f*v + 2*v + 0*v. Determine y(3).
4
Let o(v) = 15*v + 19. Let x be o(-2). Let s(g) = -g**2 - 11*g. Give s(x).
0
Let c be ((-30)/(-9))/((-4)/(-6)). Let p = 2 - 0. Let d(o) = 4*o**p + 0*o**2 - 5*o - 3*o**2 + 3. Determine d(c).
3
Let v = -18 - -13. Let x(f) = -5*f**2 + f - 12. Let g(c) = 3*c**2 + 6. Let w(q) = -7*g(q) - 4*x(q). Let k be w(v). Let j(s) = -s. Determine j(k).
-1
Suppose -l = l + 6. Let g = -2 + 3. Let t = g + l. Let v(x) = 4*x + 3. Give v(t).
-5
Let n(g) = 2*g - 9. Let k(b) = 3*b + 10. Let x(c) = -7*c - 20. Let w(t) = -13*k(t) - 6*x(t). Let q(f) = -5*n(f) + 4*w(f). What is q(-4)?
-3
Let k(o) = 4*o**3 - o**2 + 22*o + 10. Let c(g) = -3*g**3 + g**2 - 15*g - 7. Let v(w) = -7*c(w) - 5*k(w). What is v(4)?
11
Let d(p) = -p**3 - 5*p**2 + 8*p + 8. Let w be 6/(0/(-2) - 1). Give d(w).
-4
Let t be 3*(4 + 39/(-9)). Let f(j) = 4*j**2 + j. Determine f(t).
3
Let i(a) be the third derivative of -5*a**4/24 - a**2. Let u be (-10)/(-12) - 11/(-66). Determine i(u).
-5
Let g(v) = -2*v - 1 + 36*v**2 - 23*v**2 - 18*v**2 - 15*v**2. Determine g(-1).
-19
Let a(x) be the first derivative of x**4/4 + 3*x**2/2 + 3*x - 43. Determine a(-2).
-11
Let w(j) = j**2 - 8*j - 10. Let k(z) = -3*z**2 + 24*z + 29. Let n(i) = -3*k(i) - 8*w(i). Determine n(8).
-7
Let p(b) = b**3 - 4*b**2 + b - 2. Suppose -2*f = -4*f + 6. What is p(f)?
-8
Let w(a) = -12*a + 3. Let y(l) = 7*l + 5 - 20*l - 1. Let n(i) = 4*w(i) - 3*y(i). Determine n(1).
-9
Let k(w) = w + 3. Let z be k(-4). Let m(n) = n - 8*n**2 - 3*n**2 + 0*n. Calculate m(z).
-12
Let c(v) = -v**3 - 2*v**2 + 2*v - 2. Let b(f) = f**2 - f - 1. Let k be b(-2). Suppose 0 = -2*g + k*s + 19, 0 = -5*g + 4*s + 5. Give c(g).
1
Let r(t) = -9*t**2 + t - 1. Let n = -17 + 17. Let j be 0/1 + 2 + -1. Let a = j - n. Calculate r(a).
-9
Let o = 25 + -29. Let y be o/7 - 152/28. Let u(v) = -v**3 - 7*v**2 - 7*v - 7. Calculate u(y).
-1
Let j be 1*(3 - (2 - 2)). Let m(p) = 3*p**3 + 8*p**2 + 5*p + 3. Let f(l) = l**3 + 3*l**2 + 2*l + 1. Let g(a) = -17*f(a) + 6*m(a). Calculate g(j).
-11
Let x(v) = -2*v**3 - 3*v**2 + v + 2. Let m(b) = b + 14. Let c be m(-12). Suppose t = 3*t + 10, -z + 8 = -c*t. Determine x(z).
4
Let s(m) = -6*m**3 - 2*m**2 + 6*m - 3. Let f(p) = 5*p**3 + p**2 - 5*p + 2. Let x(g) = 5*f(g) + 4*s(g). Let j = 47 - 43. Determine x(j).
10
Let g(n) = -17*n + 25*n + 1 - 2 + 11*n**2 - 10*n**2. Determine g(-8).
-1
Let z(p) = p**3 + 5*p**2 + p - 2. Let j = 136 + -138. Determine z(j).
8
Let a(f) = 3*f + 9*f - 1 - 6*f + f**2. Determine a(-8).
15
Let f(r) = -20*r. Let k(u) = u**3 + 19*u**2 + 1. Let x be k(-19). What is f(x)?
-20
Let k(w) = w - 1. Let l be k(1). Suppose -j = -5 - l. Suppose 4*v - j*s = 2*v + 14, -2*v - 2*s = 0. Let u(x) = x**3 - 2*x**2 - 2*x + 1. Give u(v).
-3
Suppose l - 5*h = -7, 0*l - 2*h + 13 = 3*l. Let m(i) = -l - 2 + 0 + 3*i. Determine m(4).
7
Suppose -7*c = -10*c - 18. Let f(g) = g**3 + 7*g**2 + 3*g - 1. Calculate f(c).
17
Let s(f) = -2*f - 1. Let q(u) = 4*u + 1. Let r be q(-1). Let k be s(r). Suppose 20 = k*g - 0. Let c(t) = 4*t - 3. Calculate c(g).
13
Let w(z) = 7*z - 9. Let h(x) = -4 + 1 + 7 - 5*x + 2*x. Let b(l) = -9*h(l) - 4*w(l). What is b(-6)?
6
Suppose 5*t - 2 = 3. Let q(s) = -5*s**2 + 3*s - 1. Let b(f) = 5*f**2 - 4*f + 1. Let m(y) = -3*b(y) - 4*q(y). What is m(t)?
6
Suppose 0 = -4*z - m, -3*z - 4*m + 0*m = 0. Suppose 3*w - 3 = -z*w. Let g(r) = w + 0 - 2 + r. What is g(0)?
-1
Suppose 5*b + 4*j + 25 = 0, b + 3 = j + 7. Let r(d) = -12*d**2 - 3. Let i(m) = 6*m**2 + 2. Suppose -5*g + 5 + 10 = 0. Let t(x) = g*r(x) + 5*i(x). What is t(b)?
-5
Let a(t) = t**3 - 8*t**2 + t + 2. Let d(y) = -4*y**3 + 33*y**2 - 5*y - 7. Let c(m) = -9*a(m) - 2*d(m). Let s = 15 + -9. Calculate c(s).
2
Let b(l) = 2*l**2 + 3*l - 1. Let u(i) = 3*i**2 + 5*i - 1. Let a(z) = 5*b(z) - 3*u(z). Suppose 0 = -5*w + 6 + 9. Determine a(w).
7
Suppose 3*y + 12 = -0. Let s = y - -3. Let x(m) be the first derivative of -m**2/2 - 2*m - 14. Determine x(s).
-1
Let b(j) = 12*j**2 - 20*j - 2. Let k(t) = 8*t + 0*t - 6*t**2 + 1 - t + 2*t**2. Let d(s) = 3*b(s) + 8*k(s). Calculate d(2).
10
Let g(m) be the second derivative of 1/12*m**4 + 0 + m**2 - m + 1/3*m**3. Calculate g(-3).
5
Let f(z) be the third derivative of z**6/120 + z**5/30 - z**4/8 - z**3/3 + 28*z**2. What is f(-2)?
4
Let z(m) = 0 - 4*m**2 + 34*m + 3*m**2 - 6 - 39*m. Give z(-5).
-6
Let j(v) be the first derivative of v**3/3 + v**2 - 3*v + 18. What is j(-3)?
0
Suppose 0 = 2*z + 3*d - 3, 24 = 5*z - 2*d - 12. Let i(k) = -z - 2*k + 2*k + 2*k + k. Calculate i(4).
6
Let v(q) = q**2 + q. Let u(l) = -22*l**2 - 3*l. Let j(m) = u(m) + 4*v(m). Give j(-1).
-19
Suppose 7 = -3*d - 2. Let s(h) be the first derivative of h**2/2 + h + 3. Determine s(d).
-2
Let s(w) = 4*w**3 + 9*w**2 - 4*w + 12. Let r(b) = -3*b**3 - 9*b**2 + 5*b - 11. Let i(p) = 5*r(p) + 4*s(p). Determine i(8).
1
Let m be (0 + 112)*(-36)/14. Let t be (-4)/(-10) - m/(-45). Let j(h) = h**2 + 5*h + 6. Calculate j(t).
12
Let y(q) = -q**2 - 3*q + 3. Let m = -14 + 7. Let u = 2 + m. What is y(u)?
-7
Let u(x) = -x**3 + 4*x**2 + x - 1. Let j(b) = -b**3 - 6*b**2 - 6*b. Let v be j(-5). Suppose -3*q + v*a - 11 = -3, 0 = a - 4. Calculate u(q).
3
Let x(p) = p**3 - 9*p**2 + 3*p - 2. Let m(j) = j**3 - 8*j**2 + 2*j - 1. Let y(c) = 5*m(c) - 4*x(c). Let u(g) = -g**2 - g + 2. Let d be u(0). Determine y(d).
-9
Let a(w) = w**2 - 5. Let g(q) = -q - 1. Let u(h) = a(h) - 2*g(h). What is u(3)?
12
Suppose 0 = 3*q - 8*q. Let j(f) = -f - 7. Give j(q).
-7
Let d(v) = -v**3 - 3*v**2 - 2*v + 1. Let s = 21 - 11. Suppose -t - 2 = s. Let h be (t/(-18))/((-2)/6). Give d(h).
1
Let f(t) = -t**2 - t - 1. Let i(y) = -4*y**2 + 3*y - 7. Suppose 0 = -3*s - 3. Let h(c) = s*i(c) + 3*f(c). What is h(6)?
4
Let o(u) = -3*u**2 + 3*u**2 - u**2 - 4*u + 2. Let s = 5 + -9. Let a be s/(-18) + (-87)/27. Calculate o(a).
5
Suppose -2*s + 5 - 1 = 0. Suppose -3*h - 2*w + 6 + 1 = 0, 2*w = -s*h + 8. Let o(n) = -8*n**2 + 1. Calculate o(h).
-7
Let y(z) be the first derivative of z**4/4 + z**3 - z**2/2 + 3*z - 1. Let c(q) = -20*q - 1. Let w be c(1). Let b be ((w + 3)/(-3))/(-2). Calculate y(b).
6
Let h(i) be the third derivative of i**4/24 - i**3/2 - 26*i**2. Calculate h(5).
2
Let w be 2*-1 - (-7)/(-7). Let p(u) = u**2 + 4*u + 3. Determine p(w).
0
Let p(y) = y**3. Let u(l) = -4*l**3 - 2*l**2 + l + 1. Let g(v) = 3*p(v) + u(v). Let s = -8 - -6. Give g(s).
-1
Let u(f) = -f + 5. Let w = -77 + 84. What is u(w)?
-2
Let r(c) = -11*c - 18. Let f(s) = -5*s - 9. Let z(b) = -13*f(b) + 6*r(b). Give z(11).
-2
Let k(j) = j**3 + 4*j**2 - 7*j - 1. Let f = 118 + -123. What is k(f)?
9
Let a = -15 - -17. Let i(x) = 4*x - 1. Calculate i(a).
7
Let q(o) = -2*o**2 - 2*o - 1. Suppose 5*x + 4*y + 3 = 0, -5*x + 5*y = 21 + 9. Determine q(x).
-13
Suppose -5*f - y + 80 = 0, -f - 3*y - 48 = -4*f. Let k be 8/3*(-24)/f. Let x(n) = -n**3 - 4*n**2 + n - 5. Calculate x(k).
-9
Let z(o) = -o**3 - 3*o**2 + 2*o - 4. Let v = 